ose -t = -3*o - 3*r, 4*o + 0*o - 1234 = -2*r. Suppose 3*y = -y + o. Is y a composite number?
True
Is 157 - 155 - (-605727 - (2 - 2)) a prime number?
False
Let l(u) = -1823*u - 22. Let n(j) = -3644*j - 43. Let p(i) = 11*l(i) - 6*n(i). Is p(3) a composite number?
False
Suppose 0 = 7*g - 3655104 - 4405. Is g a composite number?
False
Suppose x - 3 + 0 = 0. Let n(l) = 2*l**2 - 91*l + 759. Let s be n(11). Suppose 5*u - x*d + 93 = 2930, -2*u + 3*d + 1142 = s. Is u composite?
True
Let r be -4 - -57*(-40)/(-12). Suppose 4*f = 818 + r. Is f composite?
False
Let k(v) = 61*v**3 + 3*v**2 + 6*v + 15. Suppose -75*m + 240 = -15*m. Is k(m) composite?
True
Suppose -3*l - 9111 - 467790 = -2*q, -715314 = -3*q - 3*l. Is q prime?
False
Suppose -93*k + 22*k + 536689 = 0. Is k a prime number?
True
Suppose -14 = -t - 3*a, 6*t - 5*t = a - 2. Suppose 4*s - q = 60401, 44872 - 14667 = t*s + q. Is s a prime number?
True
Is 12378363/5 - ((-2408)/(-6880) + (-6)/8) composite?
False
Let g(r) = -5*r + 37. Let a be g(0). Suppose -v = -9 + a. Is -471*(v/12 + 2) a prime number?
True
Let l = -726 - -728. Let b(a) = 1572*a - 25. Is b(l) prime?
True
Let c = 21084 - 10723. Is c a prime number?
False
Let b be 28299*1/3*1. Let x = -1090 - -1095. Suppose -b = -x*f - 3228. Is f a prime number?
False
Suppose 104 = -6*g - 94. Let o = g + 27. Is (2588/6)/((40/o)/(-10)) prime?
True
Suppose -4 = -3*y + 2*c, 0 = y - 18*c + 16*c - 8. Is ((-27794)/(-39))/(y/(-15)) prime?
False
Let k be (1 - 111353)/(-4)*1. Suppose 4*t - 1078 = -k. Is (2/(-6))/(((-14)/t)/(-7)) a composite number?
True
Let z = -1152 + 2068. Let i = 2505 - z. Is i a prime number?
False
Suppose -3*h - 4 = 7*m - 2*m, 4*m = -h - 6. Suppose -2*o = -p - 6400, h*o + 2*p + 3197 = 3*o. Let i = -1090 + o. Is i composite?
False
Suppose 4*o + 13*i - 815464 = 8*i, 5*i = 5*o - 1019285. Is o composite?
True
Let b(t) = 47*t**2 - 9. Suppose c + 3*q = 2*c, -3*c = 3*q - 24. Suppose 22 - c = -4*w. Is b(w) a composite number?
False
Let t = -362 + 365. Suppose -l + 3043 = t*a, -5*l = -3*a - 19817 + 4566. Is l prime?
True
Suppose 17*w - 987 - 1580 = 0. Suppose -152*l + 1717 = -w*l. Is l prime?
False
Suppose 839 = 3*l - m, -5*l - 2*m - 2*m = -1370. Let b = l + -92. Suppose h - b = 107. Is h composite?
False
Let s be (2/(-3))/(10/(-45)). Suppose s*l + 2*z - 59 = 0, -63 = -l - 2*l - 3*z. Suppose l*y - 1115 = 12*y. Is y composite?
False
Suppose 0*r + 72950 = -5*l + r, r + 14584 = -l. Let g = l - -20670. Is g composite?
True
Let g be 1/5 + (-22)/10. Let i be (5 - 1) + (g - -4). Suppose -i*y = -9*y + 2091. Is y a composite number?
True
Let i = 822247 + -431966. Is i a prime number?
True
Let t = 64916 - 4023. Suppose 27*y - 26*y - 12173 = -3*q, -t = -5*y - q. Is y a composite number?
True
Suppose 0 = y + 3*r - 0*r - 27151, -4*y = -5*r - 108536. Is y composite?
True
Is ((35/(-5))/(-28))/((-9507475)/3169160 + 3) a prime number?
False
Let q be (3/2 + 0)*(564 + -72). Suppose 3*p - 4*d - q = 0, -665 = -4*p + 2*d + 329. Suppose 2*t = -2*n - 2*t + p, 0 = -3*n + 3*t + 402. Is n composite?
False
Suppose 20 = 15*y - 20*y. Let x be (-8)/16 + (-2)/y. Suppose -2*s = -5*q - x*s + 445, 2*s = -q + 77. Is q a prime number?
False
Let z = 155786 + -70989. Is z composite?
True
Let a = 162 - 156. Suppose -2*b = 5*z - 7919, b - a*b = -4*z + 6322. Is z composite?
False
Let q = 26 - 14. Suppose -h - 3*k - 3 = 0, 0 = -0*h + 4*h + 4*k + q. Is (1/h*-1)/((-1)/(-1941)) a composite number?
False
Let t = -39375 + 58496. Is t composite?
False
Let a = 11669 + -11665. Let h(i) = 2 + 916*i - 4 - 15. Is h(a) prime?
False
Let h be -1 - (6/(-14) + 342/63). Let f(z) = -10*z**3 - 10*z**2 - 12*z - 25. Is f(h) a prime number?
True
Let b(x) = -35541*x + 19. Is b(-18) a composite number?
False
Suppose 0 = 26*b - 7*b - 54264. Suppose 4*n - 10636 = -b. Is n composite?
True
Suppose -40*u = -3655705 - 20238112 + 422497. Is u composite?
True
Is 230/(-4025) + 12943387/35 a composite number?
True
Let j be 2/6*(10 + -4). Suppose 5*q + 12 = 3*l, 3*l - j*q + 3*q = 12. Suppose -g = 3*g + d - 2099, g - l*d = 546. Is g prime?
False
Is 1*-6 - (6 + -7)/(3/3260067) a prime number?
False
Let j = 35078 + 6293. Is j composite?
True
Let n be 18685/4*(-5 + (-2 - -3)). Let z = -4576 - n. Is z prime?
False
Is (-4)/3 + ((-556864)/(-48) - 21) a composite number?
False
Let j(l) = 3*l**3 - 19*l**2 + 39*l - 14. Let c = -261 - -278. Is j(c) composite?
True
Let c = 106822 - 73233. Is c prime?
True
Suppose -3*k + v - 13 = 0, 2*v + 3 + 1 = 0. Let m be k*(2 + 48/(-15)). Suppose -3*n + m*n = i - 452, -i - 5*n = -444. Is i composite?
False
Let v be ((-1)/(9/2))/((-28)/252). Is v - (3 - 1127)/2*2 composite?
True
Suppose -4*f + 14 = -3*a - 10, f - 5*a = 23. Suppose -4*v = 16, f*l + 4*v + 20 = -v. Suppose -4*s = 12, -2501 = -l*q - 4*q + 3*s. Is q composite?
True
Let x(u) = 5*u - 14. Let l be x(4). Let a be -5*5128/(-60)*3. Suppose 4*k + a = l*k. Is k a prime number?
True
Let p(q) = 61*q**2 - 23*q - 5. Let x be p(-6). Let k = -1346 + x. Is k a prime number?
True
Let q(d) = -5*d - 190. Let m be q(-38). Suppose 3*f - 49607 - 12382 = m. Is f prime?
True
Let l be (-17)/((-102)/12)*(-1 - -2). Suppose l*s = -2*g + 3*s + 10919, -g + 5*s + 5446 = 0. Is g a composite number?
True
Let w = -77 - 357. Let s = -128 - w. Let b = 223 + s. Is b a prime number?
False
Is (0 - 9/(-18)*-722991)*(-10)/15 a composite number?
False
Suppose 671 = -b - 4*u, 13*b - 4*u = 16*b + 1981. Let s = 3426 + b. Is s a prime number?
False
Let s = 754876 - 431879. Is s composite?
False
Let n(u) = 54*u**2 - 7*u - 30. Let p be n(6). Let g = p - -295. Is g a prime number?
False
Let w(g) = -4*g**2 - 35*g - 12213. Let k(n) = -3*n**2 - 33*n - 12211. Let i(b) = -5*k(b) + 4*w(b). Is i(0) a prime number?
True
Suppose 5*d - 2*f - 485343 = 30278, 5*f + 15 = 0. Is d a composite number?
False
Let a(r) = -43709*r - 12745. Is a(-18) a composite number?
False
Let a be 1/(-2)*(57 - 3). Is 386922/54 - (-6)/a composite?
True
Let k = 20581 + -13098. Is k composite?
True
Suppose 0 = -r + 4*g + 11, -2*r + 25 = -2*g - 15. Suppose 5*j = 2*t + 8 + 13, -4*j = -20. Suppose r = t*q + 3*v, 3*q - 6*v - 38 = -7*v. Is q composite?
False
Suppose -2 - 6 = -2*i + 3*o, 0 = 4*i + 2*o - 16. Let r be -3 + (18/3 - i). Is 998/((-3)/r - 1) a composite number?
False
Suppose 0 = -4*z + 4*i + 508108, -128020 = 2*z + 2*i - 382090. Is z a composite number?
False
Suppose -2377 + 18457 = -20*i. Let m be (-2)/(-7) - 26226/14. Let a = i - m. Is a prime?
True
Let j(y) = 63*y**3 + 12*y**2 - 33*y - 55. Is j(18) prime?
False
Let h(v) = 74*v**3 + 5*v**2 - 27*v - 34. Let g be h(-7). Is (g/(-8))/((-18)/(-72)) a prime number?
True
Is -9 - 1 - (-175911)/1 prime?
False
Let v(k) be the second derivative of -k**6/30 + k**5/30 + 7*k**4/24 - 2*k**3 + 16*k**2 + 7*k. Let g(d) be the first derivative of v(d). Is g(-13) prime?
False
Suppose 8 = v + v - 3*k, 0 = v - 2*k - 2. Suppose v*x = 2*x - 16. Is 1/(x + 2495/1245) prime?
False
Suppose -3*y + 1018193 = 5*z, 5*y + 2*z - 1265202 = 431799. Is y prime?
False
Let g(d) = -d - 3. Let a be g(-5). Suppose 0 = -3*r - 2*z + 424 + 10329, -3 = 3*z. Suppose 0 = a*o - 5*o + r. Is o prime?
False
Suppose -x + 1042 + 61 = 0. Suppose -m = 4*o - x, -2*m - 3*o + 2215 = 2*o. Is m prime?
False
Let s be 12/(1*(-4)/(-14)). Suppose 25*c = 23*c + s. Is 26433/c + 4/14 prime?
True
Let m(x) = 236*x - 227. Is m(24) a prime number?
True
Let h = 10806 - 6801. Suppose 0 = 7*n + 1240 - h. Is n a prime number?
False
Let g be (4 + 56)*(-9174)/9. Is (0 - -5)*(-1 - g/25) a composite number?
False
Let a = 4402541 - 2606844. Is a prime?
True
Let w(f) = -189*f**3 + 2*f**2 - 6*f + 11. Let b be w(3). Is -4 + 8 - b/4 composite?
False
Is (-2868671556)/(-1161) + (2 - (-8)/(-3)) composite?
True
Let v = -9916 - -18509. Is v prime?
False
Suppose 184 = 4*o - g - 206, 0 = -2*o + 3*g + 190. Is (-55469)/(-9) + o/(-441) composite?
False
Suppose -h = -18*y + 16*y - 355875, 4*y - 1423488 = -4*h. Is h a prime number?
False
Let q(s) = -3*s**3 + 9*s**2 + 1488*s - 11 - 1484*s + 2*s**2. Is q(-11) a composite number?
True
Let z = -25 + 20. Let f be 2/((-1)/z - 21/(-70)). Suppose f*d = 3*k + 853, -3*d + 5*k + 648 = -0*d. Is d a prime number?
True
Let k be 2565*((-2)/(-9) + (-2474)/(-45)). Is k/45 + -2*9/(-30) prime?
False
Is 40/(-48) + 862809/18 a com